{"id":2,"date":"2017-09-20T10:48:21","date_gmt":"2017-09-20T10:48:21","guid":{"rendered":"http:\/\/fraeulein-meise-auf-reise.de\/?page_id=2"},"modified":"2017-09-29T20:13:37","modified_gmt":"2017-09-29T20:13:37","slug":"sample-page","status":"publish","type":"page","link":"https:\/\/fraeulein-meise-auf-reise.de\/?page_id=2","title":{"rendered":"\u00dcber uns"},"content":{"rendered":"<p>Hi! Ich bin Nadine, anfang 30 und komme aus M\u00fcnchen. Ich bin Grafikerin und Fotoredakteurin und versuche so oft wie es geht meinen Koffer zu packen und neue St\u00e4dte und L\u00e4nder zu erkunden. Neben meiner Kamera ist seit \u00fcber 15 Jahren mein Freund Maddis mein st\u00e4ndiger Reisebegleiter.<\/p>\n<p>Ab jetzt nehmen wir euch auf unserem Blog mit auf unsere Touren. N\u00e4chstes Ziel &#8211; Asien!<\/p>\n<p>Wir hoffen ihr habt Spa\u00df an unseren Fotos und Reisestories!<\/p>\n<p>Liebe Gr\u00fc\u00dfe<br \/>\nNadine &amp; Maddis<\/p>\n","protected":false},"excerpt":{"rendered":"<p>Hi! Ich bin Nadine, anfang 30 und komme aus M\u00fcnchen. Ich bin Grafikerin und Fotoredakteurin und versuche so oft wie es geht meinen Koffer zu packen und neue St\u00e4dte und L\u00e4nder zu erkunden. Neben meiner Kamera ist seit \u00fcber 15 Jahren mein Freund Maddis mein st\u00e4ndiger Reisebegleiter. Ab jetzt nehmen wir euch auf unserem Blog [&hellip;]<\/p>\n","protected":false},"author":1,"featured_media":35,"parent":0,"menu_order":0,"comment_status":"closed","ping_status":"open","template":"","meta":{"spay_email":""},"jetpack_shortlink":"https:\/\/wp.me\/P9ez05-2","_links":{"self":[{"href":"https:\/\/fraeulein-meise-auf-reise.de\/index.php?rest_route=\/wp\/v2\/pages\/2"}],"collection":[{"href":"https:\/\/fraeulein-meise-auf-reise.de\/index.php?rest_route=\/wp\/v2\/pages"}],"about":[{"href":"https:\/\/fraeulein-meise-auf-reise.de\/index.php?rest_route=\/wp\/v2\/types\/page"}],"author":[{"embeddable":true,"href":"https:\/\/fraeulein-meise-auf-reise.de\/index.php?rest_route=\/wp\/v2\/users\/1"}],"replies":[{"embeddable":true,"href":"https:\/\/fraeulein-meise-auf-reise.de\/index.php?rest_route=%2Fwp%2Fv2%2Fcomments&post=2"}],"version-history":[{"count":6,"href":"https:\/\/fraeulein-meise-auf-reise.de\/index.php?rest_route=\/wp\/v2\/pages\/2\/revisions"}],"predecessor-version":[{"id":36,"href":"https:\/\/fraeulein-meise-auf-reise.de\/index.php?rest_route=\/wp\/v2\/pages\/2\/revisions\/36"}],"wp:featuredmedia":[{"embeddable":true,"href":"https:\/\/fraeulein-meise-auf-reise.de\/index.php?rest_route=\/wp\/v2\/media\/35"}],"wp:attachment":[{"href":"https:\/\/fraeulein-meise-auf-reise.de\/index.php?rest_route=%2Fwp%2Fv2%2Fmedia&parent=2"}],"curies":[{"name":"wp","href":"https:\/\/api.w.org\/{rel}","templated":true}]}}